
{"id":735,"date":"2022-12-03T00:43:29","date_gmt":"2022-12-02T23:43:29","guid":{"rendered":"https:\/\/becker-bau.lu\/?page_id=735"},"modified":"2022-12-03T00:50:28","modified_gmt":"2022-12-02T23:50:28","slug":"contact","status":"publish","type":"page","link":"https:\/\/becker-bau.lu\/de\/contact\/","title":{"rendered":"Kontakt"},"content":{"rendered":"<h2>\n\t\tArchitektur\n\t<\/h2>\n\t32, avenue Victor Hugo<br \/>\nL-1750 Luxembourg\n<p>+352 45 95 47<\/p>\n\n\t<p>B\u00e2timents communaux, habitats collectifs et individuels, logements sociaux, \u00e9difices culturels (mus\u00e9es, patrimoine culturel), itin\u00e9raires et sites culturels et historiques, am\u00e9nagements ext\u00e9rieurs, int\u00e9rieurs \/ espaces d&rsquo;accueil, animations virtuelles<\/p>\n<h2>\n\t\tGutachten\n\t<\/h2>\n\t32, avenue Victor Hugo<br \/>\nL-1750 Luxembourg\n<p>+352 45 95 47 21<\/p>\n\n\t<p>Expertises d&rsquo;assurances, expertises judiciaires, certificats de performance \u00e9nerg\u00e9tique, expertises techniques en accessibilit\u00e9, cadastres verticaux, \u00e9valuation d&rsquo;immeubles, \u00e9tats des lieux<\/p>","protected":false},"excerpt":{"rendered":"<p>ARCHITECTURE 32, avenue Victor Hugo L-1750 Luxembourg +352 45 95 47 B\u00e2timents communaux, habitats collectifs et individuels, logements sociaux, \u00e9difices culturels (mus\u00e9es, patrimoine culturel), itin\u00e9raires et sites culturels et historiques, am\u00e9nagements ext\u00e9rieurs, int\u00e9rieurs \/ espaces d&rsquo;accueil, animations virtuelles EXPERTISE 32, avenue Victor Hugo L-1750 Luxembourg +352 45 95 47 21 Expertises d&rsquo;assurances, expertises judiciaires, certificats&hellip;<\/p>","protected":false},"author":2,"featured_media":0,"parent":0,"menu_order":0,"comment_status":"closed","ping_status":"closed","template":"","meta":{"footnotes":""},"class_list":["post-735","page","type-page","status-publish","hentry"],"_links":{"self":[{"href":"https:\/\/becker-bau.lu\/de\/wp-json\/wp\/v2\/pages\/735","targetHints":{"allow":["GET"]}}],"collection":[{"href":"https:\/\/becker-bau.lu\/de\/wp-json\/wp\/v2\/pages"}],"about":[{"href":"https:\/\/becker-bau.lu\/de\/wp-json\/wp\/v2\/types\/page"}],"author":[{"embeddable":true,"href":"https:\/\/becker-bau.lu\/de\/wp-json\/wp\/v2\/users\/2"}],"replies":[{"embeddable":true,"href":"https:\/\/becker-bau.lu\/de\/wp-json\/wp\/v2\/comments?post=735"}],"version-history":[{"count":2,"href":"https:\/\/becker-bau.lu\/de\/wp-json\/wp\/v2\/pages\/735\/revisions"}],"predecessor-version":[{"id":737,"href":"https:\/\/becker-bau.lu\/de\/wp-json\/wp\/v2\/pages\/735\/revisions\/737"}],"wp:attachment":[{"href":"https:\/\/becker-bau.lu\/de\/wp-json\/wp\/v2\/media?parent=735"}],"curies":[{"name":"wp","href":"https:\/\/api.w.org\/{rel}","templated":true}]}}

<h2>
		Architektur
	</h2>
	32, avenue Victor Hugo<br />
L-1750 Luxembourg
<p>+352 45 95 47</p>

	<p>Bâtiments communaux, habitats collectifs et individuels, logements sociaux, édifices culturels (musées, patrimoine culturel), itinéraires et sites culturels et historiques, aménagements extérieurs, intérieurs / espaces d&rsquo;accueil, animations virtuelles</p>
<h2>
		Gutachten
	</h2>
	32, avenue Victor Hugo<br />
L-1750 Luxembourg
<p>+352 45 95 47 21</p>

	<p>Expertises d&rsquo;assurances, expertises judiciaires, certificats de performance énergétique, expertises techniques en accessibilité, cadastres verticaux, évaluation d&rsquo;immeubles, états des lieux</p>

<p>ARCHITECTURE 32, avenue Victor Hugo L-1750 Luxembourg +352 45 95 47 Bâtiments communaux, habitats collectifs et individuels, logements sociaux, édifices culturels (musées, patrimoine culturel), itinéraires et sites culturels et historiques, aménagements extérieurs, intérieurs / espaces d&rsquo;accueil, animations virtuelles EXPERTISE 32, avenue Victor Hugo L-1750 Luxembourg +352 45 95 47 21 Expertises d&rsquo;assurances, expertises judiciaires, certificats&hellip;</p>
