
{"id":5,"date":"2021-05-18T13:36:58","date_gmt":"2021-05-18T11:36:58","guid":{"rendered":"https:\/\/becker-bau.lu\/?page_id=5"},"modified":"2023-01-16T19:12:19","modified_gmt":"2023-01-16T18:12:19","slug":"accueil","status":"publish","type":"page","link":"https:\/\/becker-bau.lu\/de\/","title":{"rendered":"Accueil"},"content":{"rendered":"<img loading=\"lazy\" decoding=\"async\" src=\"https:\/\/becker-bau.lu\/wp-content\/uploads\/2023\/01\/acceuil_35anniversaire_1548x1031.jpg\" width=\"150\" height=\"150\"\/>\n\t\t\t\t\t\t\t                                <img loading=\"lazy\" decoding=\"async\" src=\"https:\/\/becker-bau.lu\/wp-content\/uploads\/2023\/01\/acceuil_3eechelen_1548x1031.jpg\" width=\"150\" height=\"150\"\/>\n\t\t\t\t\t\t\t                                <img loading=\"lazy\" decoding=\"async\" src=\"https:\/\/becker-bau.lu\/wp-content\/uploads\/2023\/01\/acceuil_Bourscheid_1548x1031.jpg\" width=\"150\" height=\"150\"\/>\n\t\t\t\t            <!--bxslider-->\n\t\t\t        <!--njba-slider-body-->\n    <!--njba-slider-main-->\n<h4>\n\t\tWerdegang\n\t<\/h4>\n\t<p>1987 : ouverture du Bureau d&rsquo;architecture Robert BECKER<\/p>\n<p>2002: Gr\u00fcndung der Gesellschaft BECKER Architecture &amp; Urbanimse s.\u00e0.r.l.<\/p>\n<p>2019: neuer Teilhaber Geoges METTELOCK, Architekt<\/p>\n<p>2022\u00a0: anniversaire 35 ans d&rsquo;existence du bureau d&rsquo;architecture<\/p>\n<h4>\n\t\tDOMAINES D&rsquo;ACTIVIT\u00c9\n\t<\/h4>\n\t<p>B\u00e2timents communaux, habitats collectifs et individuels, logements sociaux, \u00e9difices culturels (mus\u00e9es, patrimoine culturel), itin\u00e9raires et sites culturels et historiques, am\u00e9nagements ext\u00e9rieurs, int\u00e9rieurs \/ espaces d&rsquo;accueil, animations virtuelles<\/p>\n\t32, avenue Victor Hugo<br \/>\nL-1750 Luxembourg\n<p>+352 45 95 47<\/p>\n\n\t\n<p>Gesch\u00e4ftsf\u00fchrer, Diplomierter Architekt, Mitglied des OAI, vereidigter Gutachter, Mitglied des CEL<\/p>\n\n<p>Diplomierter Architekt, Mitglied des OAI, Gutachter, Mitglied des CEL<\/p>\n\n<p>Bauzeichnerin<\/p>\n\n<p>Diplomierte Architektin<\/p>\n\n<p>Architekt DEEA, Baustellenkoordinator, Gutachter, Mitglied des CEL<\/p>\n\n<p>Sekretariat<\/p>\n<h4>\n\t\tGutachten\n\t<\/h4>\n\t<p>Expertises d&rsquo;assurances, expertises judiciaires, certificats de performance \u00e9nerg\u00e9tique, expertises techniques en accessibilit\u00e9, cadastres verticaux, \u00e9valuation d&rsquo;immeubles, \u00e9tats des lieux<\/p>\n\t32, avenue Victor Hugo<br \/>\nL-1750 Luxembourg\n<p>+352 45 95 47 21<\/p>","protected":false},"excerpt":{"rendered":"<p>HISTORIQUE 1987 : ouverture du Bureau d&rsquo;architecture Robert BECKER 2002\u00a0: cr\u00e9ation de la soci\u00e9t\u00e9 BECKER Architecture &amp; Urbanisme s.\u00e0r.l. 2019\u00a0: nouvel associ\u00e9\u00a0Georges METTELOCK, architecte 2022\u00a0: anniversaire 35 ans d&rsquo;existence du bureau d&rsquo;architecture DOMAINES D&rsquo;ACTIVIT\u00c9 B\u00e2timents communaux, habitats collectifs et individuels, logements sociaux, \u00e9difices culturels (mus\u00e9es, patrimoine culturel), itin\u00e9raires et sites culturels et historiques, am\u00e9nagements ext\u00e9rieurs,&hellip;<\/p>","protected":false},"author":1,"featured_media":0,"parent":131,"menu_order":0,"comment_status":"closed","ping_status":"closed","template":"","meta":{"footnotes":""},"class_list":["post-5","page","type-page","status-publish","hentry"],"_links":{"self":[{"href":"https:\/\/becker-bau.lu\/de\/wp-json\/wp\/v2\/pages\/5","targetHints":{"allow":["GET"]}}],"collection":[{"href":"https:\/\/becker-bau.lu\/de\/wp-json\/wp\/v2\/pages"}],"about":[{"href":"https:\/\/becker-bau.lu\/de\/wp-json\/wp\/v2\/types\/page"}],"author":[{"embeddable":true,"href":"https:\/\/becker-bau.lu\/de\/wp-json\/wp\/v2\/users\/1"}],"replies":[{"embeddable":true,"href":"https:\/\/becker-bau.lu\/de\/wp-json\/wp\/v2\/comments?post=5"}],"version-history":[{"count":232,"href":"https:\/\/becker-bau.lu\/de\/wp-json\/wp\/v2\/pages\/5\/revisions"}],"predecessor-version":[{"id":814,"href":"https:\/\/becker-bau.lu\/de\/wp-json\/wp\/v2\/pages\/5\/revisions\/814"}],"up":[{"embeddable":true,"href":"https:\/\/becker-bau.lu\/de\/wp-json\/wp\/v2\/pages\/131"}],"wp:attachment":[{"href":"https:\/\/becker-bau.lu\/de\/wp-json\/wp\/v2\/media?parent=5"}],"curies":[{"name":"wp","href":"https:\/\/api.w.org\/{rel}","templated":true}]}}

<img loading="lazy" decoding="async" src="https://becker-bau.lu/wp-content/uploads/2023/01/acceuil_35anniversaire_1548x1031.jpg" width="150" height="150"/>
							                                <img loading="lazy" decoding="async" src="https://becker-bau.lu/wp-content/uploads/2023/01/acceuil_3eechelen_1548x1031.jpg" width="150" height="150"/>
							                                <img loading="lazy" decoding="async" src="https://becker-bau.lu/wp-content/uploads/2023/01/acceuil_Bourscheid_1548x1031.jpg" width="150" height="150"/>
				            <!--bxslider-->
			        <!--njba-slider-body-->
    <!--njba-slider-main-->
<h4>
		Werdegang
	</h4>
	<p>1987 : ouverture du Bureau d&rsquo;architecture Robert BECKER</p>
<p>2002: Gründung der Gesellschaft BECKER Architecture &amp; Urbanimse s.à.r.l.</p>
<p>2019: neuer Teilhaber Geoges METTELOCK, Architekt</p>
<p>2022 : anniversaire 35 ans d&rsquo;existence du bureau d&rsquo;architecture</p>
<h4>
		DOMAINES D&rsquo;ACTIVITÉ
	</h4>
	<p>Bâtiments communaux, habitats collectifs et individuels, logements sociaux, édifices culturels (musées, patrimoine culturel), itinéraires et sites culturels et historiques, aménagements extérieurs, intérieurs / espaces d&rsquo;accueil, animations virtuelles</p>
	32, avenue Victor Hugo<br />
L-1750 Luxembourg
<p>+352 45 95 47</p>

	
<p>Geschäftsführer, Diplomierter Architekt, Mitglied des OAI, vereidigter Gutachter, Mitglied des CEL</p>

<p>Diplomierter Architekt, Mitglied des OAI, Gutachter, Mitglied des CEL</p>

<p>Bauzeichnerin</p>

<p>Diplomierte Architektin</p>

<p>Architekt DEEA, Baustellenkoordinator, Gutachter, Mitglied des CEL</p>

<p>Sekretariat</p>
<h4>
		Gutachten
	</h4>
	<p>Expertises d&rsquo;assurances, expertises judiciaires, certificats de performance énergétique, expertises techniques en accessibilité, cadastres verticaux, évaluation d&rsquo;immeubles, états des lieux</p>
	32, avenue Victor Hugo<br />
L-1750 Luxembourg
<p>+352 45 95 47 21</p>

<p>HISTORIQUE 1987 : ouverture du Bureau d&rsquo;architecture Robert BECKER 2002 : création de la société BECKER Architecture &amp; Urbanisme s.àr.l. 2019 : nouvel associé Georges METTELOCK, architecte 2022 : anniversaire 35 ans d&rsquo;existence du bureau d&rsquo;architecture DOMAINES D&rsquo;ACTIVITÉ Bâtiments communaux, habitats collectifs et individuels, logements sociaux, édifices culturels (musées, patrimoine culturel), itinéraires et sites culturels et historiques, aménagements extérieurs,&hellip;</p>
